{"id":2538,"date":"2022-12-06T10:35:05","date_gmt":"2022-12-06T08:35:05","guid":{"rendered":"http:\/\/www.chor-einklang.de\/?page_id=2538"},"modified":"2022-12-06T10:35:06","modified_gmt":"2022-12-06T08:35:06","slug":"cellesche-zeitung-06-12-2022","status":"publish","type":"page","link":"https:\/\/www.chor-einklang.de\/mystaging01\/?page_id=2538","title":{"rendered":"Cellesche Zeitung 06.12.2022"},"content":{"rendered":"\n<p><\/p>\n\n\n\n<h1>Bezaubernder Abend endet zu schnell<\/h1>\n\n\n\n<h2>\u201eChristmas and more\u201c: Chor Einklang gibt bei Adventskonzert seinem Namen alle Ehre<\/h2>\n\n\n\n<h2>Kirsten Pr\u00f6ve-May<br><\/h2>\n\n\n\n<figure class=\"wp-block-image size-full\"><a href=\"https:\/\/www.chor-einklang.de\/mystaging01\/wp-content\/uploads\/2022\/12\/grafik.png\"><img decoding=\"async\" loading=\"lazy\" width=\"700\" height=\"278\" src=\"https:\/\/www.chor-einklang.de\/mystaging01\/wp-content\/uploads\/2022\/12\/grafik.png\" alt=\"\" class=\"wp-image-2539\" srcset=\"https:\/\/www.chor-einklang.de\/mystaging01\/wp-content\/uploads\/2022\/12\/grafik.png 700w, https:\/\/www.chor-einklang.de\/mystaging01\/wp-content\/uploads\/2022\/12\/grafik-300x119.png 300w, https:\/\/www.chor-einklang.de\/mystaging01\/wp-content\/uploads\/2022\/12\/grafik-500x199.png 500w\" sizes=\"(max-width: 700px) 100vw, 700px\" \/><\/a><\/figure>\n\n\n\n<p>WINSEN. Der Duden definiert das Wort \u201eEinklang\u201c in der Musik mit \u201edas Zusammenklingen von zwei oder mehr T\u00f6nen auf derselben Tonh\u00f6he oder im Oktavabstand\u201c aber auch als \u201ewohltuend empfundene \u00dcbereinstimmung, Harmonie\u201c. Das alles war zu h\u00f6ren beim sonnt\u00e4glichen Adventskonzert in der St.-Johannes-der-T\u00e4ufer-Kirche in Winsen. Nach wie vor ungewohnt, einen so gro\u00dfen Chor mit \u00fcber 30 Mitwirkenden wieder live erleben zu k\u00f6nnen und fast vollst\u00e4ndig gef\u00fcllte Kirchenb\u00e4nke zu sehen, aber die Freude dar\u00fcber war auf beiden Seiten gleicherma\u00dfen zu sp\u00fcren.<\/p>\n\n\n\n<p>Gestartet wurde mit einem fast zehnmin\u00fctigen St\u00fcck, \u201eHallelujah, Celebration and Glory\u201c, bevor auch das Publikum stimmlich herausgefordert wurde. Doch obwohl Chorleiter Arnas Vonzodas Aufnahmeformulare f\u00fcr den Chor bei den G\u00e4sten verteilen wollte, hatten diese doch das \u201eNachsehen\u201c gegen\u00fcber dem Chor. Glasklare Sopranstimmen gegen\u00fcber Alt- und Tenorstimmlagen erf\u00fcllten den Raum, und der Chorleiter verstand es, Abwechslung durch das Hervorheben einzelner Gruppen als auch durch das Variieren der Lautst\u00e4rke in das Konzert zu bringen.<\/p>\n\n\n\n<p>Abwechslung gab es aber auch durch die aus den verschiedensten Bereichen ausgew\u00e4hlten St\u00fccke. Da gab es \u201eOh du fr\u00f6hliche\u201c, \u201eStill, still, still\u201c oder \u201eS\u00fc\u00dfer die Glocken nie klingen\u201c unter Mitwirkung des Publikums, aber auch zwei Gospel-Songs und eine neue Interpretation des Liedes \u201eOh Tannenbaum\u201c. Bei \u201eRock around the Christmas Tree\u201c, rockig und temporeich, klatschte das Publikum begeistert im Takt, bevor es mit dem Lied \u201eHappy Xmas (War is over)\u201c von John Lennon und Yoko Ono mit den Textzeilen \u201eLet\u2019s stop all the fight \u2026 and a Happy New Year, let\u2019s hope it\u2019s a good one without any fear\u201c \u2013 \u201eherzliche Weihnacht und ein gl\u00fcckliches Jahr, hoffentlich ein gutes ohne Angst und Gefahr\u201c besinnlich wurde.<\/p>\n\n\n\n<p>\u201eDie Lieder, die uns am Herzen liegen, wollen wir vortragen\u201c, so Chorleiter Vonzodas, der nicht nur dirigierte, sondern auch instrumental die St\u00fccke begleitete. Ein bezaubernder Abend ging viel zu schnell zu Ende und mit der Zugabe \u201eWir sagen Dankesch\u00f6n, die Show muss weitergehen, auf Wiedersehen\u201c trat der Chor nach und nach ab und hatte seinem Namen \u201eEinklang\u201c alle Ehre gemacht.<\/p>\n\n\n\n<h2><\/h2>\n","protected":false},"excerpt":{"rendered":"<p>Bezaubernder Abend endet zu schnell \u201eChristmas and more\u201c: Chor Einklang gibt bei Adventskonzert seinem Namen alle Ehre Kirsten Pr\u00f6ve-May WINSEN. Der Duden definiert das Wort \u201eEinklang\u201c in der Musik mit \u201edas Zusammenklingen von zwei oder mehr T\u00f6nen auf derselben Tonh\u00f6he &hellip; <a href=\"https:\/\/www.chor-einklang.de\/mystaging01\/?page_id=2538\">Weiterlesen <span class=\"meta-nav\">&rarr;<\/span><\/a><\/p>\n","protected":false},"author":2,"featured_media":0,"parent":25,"menu_order":-7,"comment_status":"closed","ping_status":"closed","template":"","meta":{"jetpack_post_was_ever_published":false},"jetpack_sharing_enabled":true,"jetpack_shortlink":"https:\/\/wp.me\/P3iGNS-EW","_links":{"self":[{"href":"https:\/\/www.chor-einklang.de\/mystaging01\/index.php?rest_route=\/wp\/v2\/pages\/2538"}],"collection":[{"href":"https:\/\/www.chor-einklang.de\/mystaging01\/index.php?rest_route=\/wp\/v2\/pages"}],"about":[{"href":"https:\/\/www.chor-einklang.de\/mystaging01\/index.php?rest_route=\/wp\/v2\/types\/page"}],"author":[{"embeddable":true,"href":"https:\/\/www.chor-einklang.de\/mystaging01\/index.php?rest_route=\/wp\/v2\/users\/2"}],"replies":[{"embeddable":true,"href":"https:\/\/www.chor-einklang.de\/mystaging01\/index.php?rest_route=%2Fwp%2Fv2%2Fcomments&post=2538"}],"version-history":[{"count":1,"href":"https:\/\/www.chor-einklang.de\/mystaging01\/index.php?rest_route=\/wp\/v2\/pages\/2538\/revisions"}],"predecessor-version":[{"id":2540,"href":"https:\/\/www.chor-einklang.de\/mystaging01\/index.php?rest_route=\/wp\/v2\/pages\/2538\/revisions\/2540"}],"up":[{"embeddable":true,"href":"https:\/\/www.chor-einklang.de\/mystaging01\/index.php?rest_route=\/wp\/v2\/pages\/25"}],"wp:attachment":[{"href":"https:\/\/www.chor-einklang.de\/mystaging01\/index.php?rest_route=%2Fwp%2Fv2%2Fmedia&parent=2538"}],"curies":[{"name":"wp","href":"https:\/\/api.w.org\/{rel}","templated":true}]}}