{"id":2356,"date":"2019-01-29T18:05:20","date_gmt":"2019-01-29T16:05:20","guid":{"rendered":"http:\/\/www.chor-einklang.de\/?page_id=2356"},"modified":"2019-01-29T18:10:09","modified_gmt":"2019-01-29T16:10:09","slug":"winser-mitteilungsblatt-31-januar-2019","status":"publish","type":"page","link":"https:\/\/www.chor-einklang.de\/mystaging01\/?page_id=2356","title":{"rendered":"Winser Mitteilungsblatt 31. Januar 2019"},"content":{"rendered":"<p><strong><span style=\"color: #800000;\">Einklang in Hermannsburg: Gelungene Chorfreizeit 2019<\/span><br \/>\n<\/strong><br \/>\nMit einer motivierenden Chorfreizeit vom 18. bis 20. Januar starteten die S\u00e4ngerinnen und S\u00e4nger vom Chor Einklang in das Chorjahr 2019. \u00dcber 50 Einkl\u00e4ngler \u00fcbten begeistert die vom musikalischen Leiter Arnas Vonzodas eigens f\u00fcr Chor neu arrangierten St\u00fccke ein und brachten das Evangelische Bildungszentrum Hermannsburg im wahrsten Sinn des Wortes zum Erklingen.<\/p>\n<p><img decoding=\"async\" loading=\"lazy\" class=\"aligncenter size-full wp-image-2345\" src=\"https:\/\/www.chor-einklang.de\/mystaging01\/wp-content\/uploads\/2019\/01\/IMG_6085-2.jpg\" alt=\"\" width=\"640\" height=\"353\" srcset=\"https:\/\/www.chor-einklang.de\/mystaging01\/wp-content\/uploads\/2019\/01\/IMG_6085-2.jpg 640w, https:\/\/www.chor-einklang.de\/mystaging01\/wp-content\/uploads\/2019\/01\/IMG_6085-2-300x165.jpg 300w, https:\/\/www.chor-einklang.de\/mystaging01\/wp-content\/uploads\/2019\/01\/IMG_6085-2-500x276.jpg 500w\" sizes=\"(max-width: 640px) 100vw, 640px\" \/><\/p>\n<p>Da das Treffen der richtigen T\u00f6ne allein jedoch nicht ausreicht, unterst\u00fctzte Arnas Vonzodas die S\u00e4ngerinnen und S\u00e4nger mit individuellen\u00a0 \u00dcbungen zu Rhythmus, Atemtechnik und Ausdruck. Dies erm\u00f6glichte es allen, erfolgreich mit der Musik in \u201eEinklang\u201c zu kommen.<\/p>\n<p>Wen \u00fcberrascht es da noch, dass auch das pers\u00f6nliche Miteinander nicht zu kurz kam! Die Pausen und Abende gaben gen\u00fcgend Gelegenheit, in anregenden Gespr\u00e4chen und beim geselligen Beisammensein den Zusammenhalt des Chores zu st\u00e4rken und Pl\u00e4ne f\u00fcr das kommende Jahr zu schmieden.<\/p>\n<p>Ein musikalischer H\u00f6hepunkt ist sicherlich die Teilnahme am Internationalen Chortreffen Cantate Dresden im Herbst, zu dem die Proben in K\u00fcrze beginnen.<\/p>\n<p>Wir freuen uns auf ein spannendes Chorjahr 2019!<\/p>\n<p><strong>Kontakt:<\/strong><br \/>\nHeiner von H\u00f6rsten, Tel. 0 51 43 \/ 59 01, E-Mail: <a href=\"mailto:hvhoersten@t-online.de\">hvhoersten@t-online.de<\/a><br \/>\nArnas Vonzodas, E-Mail: <a href=\"mailto:arnas@musikschule-vonzodas.de%20\">arnas@musikschule-vonzodas.de <\/a><br \/>\n<a href=\"https:\/\/www.chor-einklang.de\/mystaging01\">www.chor-einklang.de<\/a> .<\/p>\n","protected":false},"excerpt":{"rendered":"<p>Einklang in Hermannsburg: Gelungene Chorfreizeit 2019 Mit einer motivierenden Chorfreizeit vom 18. bis 20. Januar starteten die S\u00e4ngerinnen und S\u00e4nger vom Chor Einklang in das Chorjahr 2019. \u00dcber 50 Einkl\u00e4ngler \u00fcbten begeistert die vom musikalischen Leiter Arnas Vonzodas eigens f\u00fcr &hellip; <a href=\"https:\/\/www.chor-einklang.de\/mystaging01\/?page_id=2356\">Weiterlesen <span class=\"meta-nav\">&rarr;<\/span><\/a><\/p>\n","protected":false},"author":2,"featured_media":0,"parent":2359,"menu_order":1,"comment_status":"closed","ping_status":"closed","template":"","meta":{"jetpack_post_was_ever_published":false},"jetpack_sharing_enabled":true,"jetpack_shortlink":"https:\/\/wp.me\/P3iGNS-C0","_links":{"self":[{"href":"https:\/\/www.chor-einklang.de\/mystaging01\/index.php?rest_route=\/wp\/v2\/pages\/2356"}],"collection":[{"href":"https:\/\/www.chor-einklang.de\/mystaging01\/index.php?rest_route=\/wp\/v2\/pages"}],"about":[{"href":"https:\/\/www.chor-einklang.de\/mystaging01\/index.php?rest_route=\/wp\/v2\/types\/page"}],"author":[{"embeddable":true,"href":"https:\/\/www.chor-einklang.de\/mystaging01\/index.php?rest_route=\/wp\/v2\/users\/2"}],"replies":[{"embeddable":true,"href":"https:\/\/www.chor-einklang.de\/mystaging01\/index.php?rest_route=%2Fwp%2Fv2%2Fcomments&post=2356"}],"version-history":[{"count":2,"href":"https:\/\/www.chor-einklang.de\/mystaging01\/index.php?rest_route=\/wp\/v2\/pages\/2356\/revisions"}],"predecessor-version":[{"id":2361,"href":"https:\/\/www.chor-einklang.de\/mystaging01\/index.php?rest_route=\/wp\/v2\/pages\/2356\/revisions\/2361"}],"up":[{"embeddable":true,"href":"https:\/\/www.chor-einklang.de\/mystaging01\/index.php?rest_route=\/wp\/v2\/pages\/2359"}],"wp:attachment":[{"href":"https:\/\/www.chor-einklang.de\/mystaging01\/index.php?rest_route=%2Fwp%2Fv2%2Fmedia&parent=2356"}],"curies":[{"name":"wp","href":"https:\/\/api.w.org\/{rel}","templated":true}]}}