{"id":111,"date":"2011-06-19T14:22:33","date_gmt":"2011-06-19T12:22:33","guid":{"rendered":"http:\/\/www.jannkickler.de\/ce\/?page_id=111"},"modified":"2018-01-23T16:06:53","modified_gmt":"2018-01-23T14:06:53","slug":"chorleitung","status":"publish","type":"page","link":"https:\/\/www.chor-einklang.de\/mystaging01\/?page_id=111","title":{"rendered":"Chorleitung"},"content":{"rendered":"<p><a href=\"https:\/\/www.chor-einklang.de\/mystaging01\/wp-content\/uploads\/2011\/06\/2014-Arnas-1.jpg\"><img decoding=\"async\" loading=\"lazy\" class=\"alignnone wp-image-1588\" src=\"https:\/\/www.chor-einklang.de\/mystaging01\/wp-content\/uploads\/2011\/06\/2014-Arnas-1-300x199.jpg\" alt=\"SONY DSC\" width=\"371\" height=\"250\" \/><\/a><\/p>\n<p>Arnas Vonzodas studierte an der Musik-Hochschule Vilnius Klavier und Dirigentur. Als Dozent leitet er Workshops f\u00fcr Ch\u00f6re und Bands. Zudem arbeitet er als freischaffender Studiomusiker, Arrangeur und Musikp\u00e4dagoge.<\/p>\n<p><a href=\"http:\/\/www.musikschule-vonzodas.de\/Vonzodas\/Wir.html\">www.musikschule-vonzodas.de\/Vonzodas\/Wir.html<\/a><\/p>\n","protected":false},"excerpt":{"rendered":"<p>Arnas Vonzodas studierte an der Musik-Hochschule Vilnius Klavier und Dirigentur. Als Dozent leitet er Workshops f\u00fcr Ch\u00f6re und Bands. Zudem arbeitet er als freischaffender Studiomusiker, Arrangeur und Musikp\u00e4dagoge. www.musikschule-vonzodas.de\/Vonzodas\/Wir.html<\/p>\n","protected":false},"author":2,"featured_media":0,"parent":28,"menu_order":0,"comment_status":"closed","ping_status":"closed","template":"","meta":{"jetpack_post_was_ever_published":false},"jetpack_sharing_enabled":true,"jetpack_shortlink":"https:\/\/wp.me\/P3iGNS-1N","_links":{"self":[{"href":"https:\/\/www.chor-einklang.de\/mystaging01\/index.php?rest_route=\/wp\/v2\/pages\/111"}],"collection":[{"href":"https:\/\/www.chor-einklang.de\/mystaging01\/index.php?rest_route=\/wp\/v2\/pages"}],"about":[{"href":"https:\/\/www.chor-einklang.de\/mystaging01\/index.php?rest_route=\/wp\/v2\/types\/page"}],"author":[{"embeddable":true,"href":"https:\/\/www.chor-einklang.de\/mystaging01\/index.php?rest_route=\/wp\/v2\/users\/2"}],"replies":[{"embeddable":true,"href":"https:\/\/www.chor-einklang.de\/mystaging01\/index.php?rest_route=%2Fwp%2Fv2%2Fcomments&post=111"}],"version-history":[{"count":14,"href":"https:\/\/www.chor-einklang.de\/mystaging01\/index.php?rest_route=\/wp\/v2\/pages\/111\/revisions"}],"predecessor-version":[{"id":2429,"href":"https:\/\/www.chor-einklang.de\/mystaging01\/index.php?rest_route=\/wp\/v2\/pages\/111\/revisions\/2429"}],"up":[{"embeddable":true,"href":"https:\/\/www.chor-einklang.de\/mystaging01\/index.php?rest_route=\/wp\/v2\/pages\/28"}],"wp:attachment":[{"href":"https:\/\/www.chor-einklang.de\/mystaging01\/index.php?rest_route=%2Fwp%2Fv2%2Fmedia&parent=111"}],"curies":[{"name":"wp","href":"https:\/\/api.w.org\/{rel}","templated":true}]}}

<p><a href="https://www.chor-einklang.de/mystaging01/wp-content/uploads/2011/06/2014-Arnas-1.jpg"><img decoding="async" loading="lazy" class="alignnone wp-image-1588" src="https://www.chor-einklang.de/mystaging01/wp-content/uploads/2011/06/2014-Arnas-1-300x199.jpg" alt="SONY DSC" width="371" height="250" /></a></p>
<p>Arnas Vonzodas studierte an der Musik-Hochschule Vilnius Klavier und Dirigentur. Als Dozent leitet er Workshops für Chöre und Bands. Zudem arbeitet er als freischaffender Studiomusiker, Arrangeur und Musikpädagoge.</p>
<p><a href="http://www.musikschule-vonzodas.de/Vonzodas/Wir.html">www.musikschule-vonzodas.de/Vonzodas/Wir.html</a></p>

<p>Arnas Vonzodas studierte an der Musik-Hochschule Vilnius Klavier und Dirigentur. Als Dozent leitet er Workshops für Chöre und Bands. Zudem arbeitet er als freischaffender Studiomusiker, Arrangeur und Musikpädagoge. www.musikschule-vonzodas.de/Vonzodas/Wir.html</p>
