{"id":3164,"date":"2023-06-28T20:36:22","date_gmt":"2023-06-28T18:36:22","guid":{"rendered":"https:\/\/www.chor-einklang.de\/?page_id=3164"},"modified":"2023-06-28T20:44:14","modified_gmt":"2023-06-28T18:44:14","slug":"elementor-3164","status":"publish","type":"page","link":"https:\/\/www.chor-einklang.de\/?page_id=3164","title":{"rendered":"Cellesche Zeitung, 27.06.2023"},"content":{"rendered":"\t\t<div data-elementor-type=\"wp-page\" data-elementor-id=\"3164\" class=\"elementor elementor-3164\">\n\t\t\t\t\t\t<section class=\"elementor-section elementor-top-section elementor-element elementor-element-0bc657b elementor-section-boxed elementor-section-height-default elementor-section-height-default\" data-id=\"0bc657b\" data-element_type=\"section\" data-e-type=\"section\">\n\t\t\t\t\t\t<div class=\"elementor-container elementor-column-gap-default\">\n\t\t\t\t\t<div class=\"elementor-column elementor-col-100 elementor-top-column elementor-element elementor-element-60dde4f\" data-id=\"60dde4f\" data-element_type=\"column\" data-e-type=\"column\">\n\t\t\t<div class=\"elementor-widget-wrap elementor-element-populated\">\n\t\t\t\t\t\t<div class=\"elementor-element elementor-element-fef9039 elementor-widget elementor-widget-text-editor\" data-id=\"fef9039\" data-element_type=\"widget\" data-e-type=\"widget\" data-widget_type=\"text-editor.default\">\n\t\t\t\t<div class=\"elementor-widget-container\">\n\t\t\t\t\t\t\t\t\t<h1><span style=\"color: #a10808;\">Cellesche Zeitung, 27.06.2023<\/span><\/h1>\t\t\t\t\t\t\t\t<\/div>\n\t\t\t\t<\/div>\n\t\t\t\t\t<\/div>\n\t\t<\/div>\n\t\t\t\t\t<\/div>\n\t\t<\/section>\n\t\t\t\t<section class=\"elementor-section elementor-top-section elementor-element elementor-element-31c535a elementor-section-boxed elementor-section-height-default elementor-section-height-default\" data-id=\"31c535a\" data-element_type=\"section\" data-e-type=\"section\">\n\t\t\t\t\t\t<div class=\"elementor-container elementor-column-gap-default\">\n\t\t\t\t\t<div class=\"elementor-column elementor-col-100 elementor-top-column elementor-element elementor-element-d3d4674\" data-id=\"d3d4674\" data-element_type=\"column\" data-e-type=\"column\">\n\t\t\t<div class=\"elementor-widget-wrap elementor-element-populated\">\n\t\t\t\t\t\t<div class=\"elementor-element elementor-element-8c374e0 elementor-widget elementor-widget-text-editor\" data-id=\"8c374e0\" data-element_type=\"widget\" data-e-type=\"widget\" data-widget_type=\"text-editor.default\">\n\t\t\t\t<div class=\"elementor-widget-container\">\n\t\t\t\t\t\t\t\t\t<div><div class=\"topline\"><span style=\"color: #333333;\"><span class=\"topline__day ng-binding\">Dienstag,<\/span> <span class=\"topline__month ng-binding\">27. Juni<\/span> <span class=\"topline__year ng-binding\">2023<\/span> <span class=\"topline__resort ng-binding\">Kultur<\/span><\/span><\/div><h1 class=\"article-title ng-binding\"><span style=\"color: #333333;\">\u201eIt\u2019s Summertime\u201c im Grooden Hus<\/span><\/h1><h2 class=\"article-subtitle ng-binding\"><span style=\"color: #333333;\">Sommerkonzert mit dem Chor \u201eEinklang\u201c und drei Gastch\u00f6ren<\/span><\/h2><h4 class=\"article-author ng-binding\"><span style=\"color: #333333;\">Kirsten Pr\u00f6ve-May<\/span><\/h4><\/div>\t\t\t\t\t\t\t\t<\/div>\n\t\t\t\t<\/div>\n\t\t\t\t\t<\/div>\n\t\t<\/div>\n\t\t\t\t\t<\/div>\n\t\t<\/section>\n\t\t\t\t<section class=\"elementor-section elementor-top-section elementor-element elementor-element-c92e9cc elementor-section-boxed elementor-section-height-default elementor-section-height-default\" data-id=\"c92e9cc\" data-element_type=\"section\" data-e-type=\"section\">\n\t\t\t\t\t\t<div class=\"elementor-container elementor-column-gap-default\">\n\t\t\t\t\t<div class=\"elementor-column elementor-col-100 elementor-top-column elementor-element elementor-element-1259fd0\" data-id=\"1259fd0\" data-element_type=\"column\" data-e-type=\"column\">\n\t\t\t<div class=\"elementor-widget-wrap elementor-element-populated\">\n\t\t\t\t\t\t<div class=\"elementor-element elementor-element-a24c7af elementor-widget elementor-widget-image\" data-id=\"a24c7af\" data-element_type=\"widget\" data-e-type=\"widget\" data-widget_type=\"image.default\">\n\t\t\t\t<div class=\"elementor-widget-container\">\n\t\t\t\t\t\t\t\t\t\t\t\t\t\t\t<img fetchpriority=\"high\" decoding=\"async\" width=\"1024\" height=\"357\" src=\"https:\/\/www.chor-einklang.de\/wp-content\/uploads\/2023\/06\/CZa-1024x357.jpg\" class=\"attachment-large size-large wp-image-3168\" alt=\"\" srcset=\"https:\/\/www.chor-einklang.de\/wp-content\/uploads\/2023\/06\/CZa-1024x357.jpg 1024w, https:\/\/www.chor-einklang.de\/wp-content\/uploads\/2023\/06\/CZa-300x105.jpg 300w, https:\/\/www.chor-einklang.de\/wp-content\/uploads\/2023\/06\/CZa-768x268.jpg 768w, https:\/\/www.chor-einklang.de\/wp-content\/uploads\/2023\/06\/CZa-1536x535.jpg 1536w, https:\/\/www.chor-einklang.de\/wp-content\/uploads\/2023\/06\/CZa.jpg 2000w\" sizes=\"(max-width: 1024px) 100vw, 1024px\" \/>\t\t\t\t\t\t\t\t\t\t\t\t\t\t\t<\/div>\n\t\t\t\t<\/div>\n\t\t\t\t\t<\/div>\n\t\t<\/div>\n\t\t\t\t\t<\/div>\n\t\t<\/section>\n\t\t\t\t<section class=\"elementor-section elementor-top-section elementor-element elementor-element-6d3adac elementor-section-boxed elementor-section-height-default elementor-section-height-default\" data-id=\"6d3adac\" data-element_type=\"section\" data-e-type=\"section\">\n\t\t\t\t\t\t<div class=\"elementor-container elementor-column-gap-default\">\n\t\t\t\t\t<div class=\"elementor-column elementor-col-100 elementor-top-column elementor-element elementor-element-4ac5eb8\" data-id=\"4ac5eb8\" data-element_type=\"column\" data-e-type=\"column\">\n\t\t\t<div class=\"elementor-widget-wrap elementor-element-populated\">\n\t\t\t\t\t\t<div class=\"elementor-element elementor-element-fd98a41 elementor-widget elementor-widget-text-editor\" data-id=\"fd98a41\" data-element_type=\"widget\" data-e-type=\"widget\" data-widget_type=\"text-editor.default\">\n\t\t\t\t<div class=\"elementor-widget-container\">\n\t\t\t\t\t\t\t\t\t<div><p class=\"text_w\/o_feed\"><span style=\"color: #333333;\">WINSEN. Eine Jubil\u00e4umsfeier mit ganz vielen G\u00e4sten: Zwar hat der Winser Chor \u201eEinklang\u201c im Gegensatz zum 75-j\u00e4hrigen Bestehen des gemischten Chores aus Gro\u00dfmoor erst 15 Jahre \u201eauf dem Buckel\u201c, aber es wurde zum Anlass genommen, mit insgesamt drei verschiedenen Ch\u00f6ren ein buntes Konzert zu bestreiten. Viele hatten geahnt, dass es ein sch\u00f6ner Abend werden w\u00fcrde, das \u201eGroode Hus\u201c platzte aus allen N\u00e4hten. Nat\u00fcrlich w\u00e4re ein Open-Air-Konzert toll gewesen, doch das mitunter unstete Wetter ist ein gro\u00dfer Risikofaktor.<\/span><\/p><p class=\"text_w\/o_feed\"><span style=\"color: #333333;\">Der Chor \u201eEinklang\u201c machte den Anfang. Unter der Leitung von Arnas Vonzodas hatte man ein buntes Programm zusammengestellt und er\u00f6ffnete den Reigen mit sieben unterschiedlichsten Liedern, von Sin\u00e9ad O\u2019Connor \u00fcber die Comedian Harmonists bis zu Stevie Wonder, U2, Coldplay oder auch einem Wanderlied. F\u00fcr jeden war etwas dabei, und im Gegensatz zum Gastchor aus Gro\u00dfmoor, der bekannte Songs originalgetreu pr\u00e4sentiert, werden hier die Lieder auf die \u201eeigene\u201c Art vorgetragen. Aufgrund der gro\u00dfen Anzahl an S\u00e4ngerinnen und S\u00e4ngern sehr klangstark, abwechslungsreich und textlich sehr gut zu verstehen.<\/span><\/p><p class=\"text_w\/o_feed\"><span style=\"color: #333333;\">Dann kam der zweite Gastchor \u201eCRIstals\u201c aus Celle auf die B\u00fchne. Entstanden aus der Celler Rock-Initiative (daher die drei Gro\u00dfbuchstaben im Namen), k\u00f6nnen sie erst auf eine einj\u00e4hrige \u201eVergangenheit\u201c zur\u00fcckblicken. Doch obwohl sie im Gegensatz zu den beiden anderen Ch\u00f6ren eine kleinere Besetzung haben, \u201erockten\u201c sie die B\u00fchne. \u201eHit the Road Jack\u201c, \u201eLet It Be\u201c, \u201eLollipop\u201c, \u201eTears in Heaven\u201c oder \u201eI Follow You\u201c \u2013 die Titel passten einfach zu diesen gutgelaunten Chormitgliedern, und wenn sie nicht die Pause eingel\u00e4utet h\u00e4tten, w\u00e4ren sie um eine Zugabe sicher nicht herumgekommen.<\/span><\/p><p class=\"text_w\/o_feed\"><span style=\"color: #333333;\">Unter der Leitung von Joschua Claassen, der viele St\u00fccke am Piano begleitete, trafen die Ohrw\u00fcrmer des Chores aus Gro\u00dfmoor auf ein begeistertes Publikum: \u201eTop of the World\u201c von den Carpenters, \u201eI Would Do Anything for Love\u201c von Meat Loaf oder auch \u201eWe Are the World\u201c und als Highlight \u201eBohemian Rhapsody\u201c von Queen. Freddie Mercury \u2013 ein Stimmwunder, so Claassen. \u201eWir wollen als Chor versuchen, die vielen musikalischen Facetten des K\u00fcnstlers nachzusingen.\u201c \u201eI\u2019m just a poor boy, nobody loves me\u201c, wie es im Lied hei\u00dft, konnte man von diesem Chor nicht behaupten.<\/span><\/p><p class=\"text_w\/o_feed\"><span style=\"color: #333333;\">Dann noch einmal der gastgebende Chor mit \u201eThe Scientist\u201c von Coldplay, \u201eLonely\u201c, einem Gospelsong und \u201eYou\u2019ll Never Walk Alone\u201c, bevor Winsen und Gro\u00dfmoor gemeinsam Lou Reeds \u201ePerfect Day\u201c sangen, einem Titel, dem man nur zustimmen konnte. Zwei Zugaben \u2013 auch unter Mitwirkung des Publikums \u2013 machten den Abend \u201erund&#8220;.<\/span><\/p><\/div>\t\t\t\t\t\t\t\t<\/div>\n\t\t\t\t<\/div>\n\t\t\t\t\t<\/div>\n\t\t<\/div>\n\t\t\t\t\t<\/div>\n\t\t<\/section>\n\t\t\t\t<\/div>\n\t\t","protected":false},"excerpt":{"rendered":"<p>Cellesche Zeitung, 27.06.2023 Dienstag, 27. Juni 2023 Kultur \u201eIt\u2019s Summertime\u201c im Grooden Hus Sommerkonzert mit dem Chor \u201eEinklang\u201c und drei Gastch\u00f6ren Kirsten Pr\u00f6ve-May WINSEN. Eine Jubil\u00e4umsfeier mit ganz vielen G\u00e4sten: Zwar hat der Winser Chor \u201eEinklang\u201c im Gegensatz zum 75-j\u00e4hrigen Bestehen des gemischten Chores aus Gro\u00dfmoor erst 15 Jahre \u201eauf dem Buckel\u201c, aber es wurde&#8230;<\/p>\n","protected":false},"author":2,"featured_media":0,"parent":0,"menu_order":0,"comment_status":"closed","ping_status":"closed","template":"","meta":{"_kad_post_transparent":"","_kad_post_title":"hide","_kad_post_layout":"fullwidth","_kad_post_sidebar_id":"","_kad_post_content_style":"unboxed","_kad_post_vertical_padding":"hide","_kad_post_feature":"hide","_kad_post_feature_position":"","_kad_post_header":false,"_kad_post_footer":false,"_kad_post_classname":"","jetpack_post_was_ever_published":false,"footnotes":""},"class_list":["post-3164","page","type-page","status-publish","hentry"],"jetpack_sharing_enabled":true,"jetpack_shortlink":"https:\/\/wp.me\/P3iGNS-P2","_links":{"self":[{"href":"https:\/\/www.chor-einklang.de\/index.php?rest_route=\/wp\/v2\/pages\/3164","targetHints":{"allow":["GET"]}}],"collection":[{"href":"https:\/\/www.chor-einklang.de\/index.php?rest_route=\/wp\/v2\/pages"}],"about":[{"href":"https:\/\/www.chor-einklang.de\/index.php?rest_route=\/wp\/v2\/types\/page"}],"author":[{"embeddable":true,"href":"https:\/\/www.chor-einklang.de\/index.php?rest_route=\/wp\/v2\/users\/2"}],"replies":[{"embeddable":true,"href":"https:\/\/www.chor-einklang.de\/index.php?rest_route=%2Fwp%2Fv2%2Fcomments&post=3164"}],"version-history":[{"count":8,"href":"https:\/\/www.chor-einklang.de\/index.php?rest_route=\/wp\/v2\/pages\/3164\/revisions"}],"predecessor-version":[{"id":3179,"href":"https:\/\/www.chor-einklang.de\/index.php?rest_route=\/wp\/v2\/pages\/3164\/revisions\/3179"}],"wp:attachment":[{"href":"https:\/\/www.chor-einklang.de\/index.php?rest_route=%2Fwp%2Fv2%2Fmedia&parent=3164"}],"curies":[{"name":"wp","href":"https:\/\/api.w.org\/{rel}","templated":true}]}}