{"id":2643,"date":"2022-12-28T15:38:45","date_gmt":"2022-12-28T13:38:45","guid":{"rendered":"https:\/\/www.chor-einklang.de\/?page_id=2643"},"modified":"2025-01-23T18:21:05","modified_gmt":"2025-01-23T16:21:05","slug":"ue","status":"publish","type":"page","link":"https:\/\/www.chor-einklang.de\/?page_id=2643","title":{"rendered":"\u00dcber uns"},"content":{"rendered":"\t\t<div data-elementor-type=\"wp-page\" data-elementor-id=\"2643\" class=\"elementor elementor-2643\">\n\t\t\t\t\t\t<section class=\"elementor-section elementor-top-section elementor-element elementor-element-3973a63 elementor-section-boxed elementor-section-height-default elementor-section-height-default\" data-id=\"3973a63\" data-element_type=\"section\" data-e-type=\"section\">\n\t\t\t\t\t\t<div class=\"elementor-container elementor-column-gap-wider\">\n\t\t\t\t\t<div class=\"elementor-column elementor-col-100 elementor-top-column elementor-element elementor-element-c158454\" data-id=\"c158454\" data-element_type=\"column\" data-e-type=\"column\">\n\t\t\t<div class=\"elementor-widget-wrap elementor-element-populated\">\n\t\t\t\t\t\t<div class=\"elementor-element elementor-element-50c6e8c elementor-widget elementor-widget-heading\" data-id=\"50c6e8c\" data-element_type=\"widget\" data-e-type=\"widget\" data-widget_type=\"heading.default\">\n\t\t\t\t<div class=\"elementor-widget-container\">\n\t\t\t\t\t<h2 class=\"elementor-heading-title elementor-size-default\">Wir sind EINKLANG!<\/h2>\t\t\t\t<\/div>\n\t\t\t\t<\/div>\n\t\t\t\t\t<\/div>\n\t\t<\/div>\n\t\t\t\t\t<\/div>\n\t\t<\/section>\n\t\t\t\t<section class=\"elementor-section elementor-top-section elementor-element elementor-element-28103b0 elementor-section-full_width elementor-section-height-default elementor-section-height-default\" data-id=\"28103b0\" data-element_type=\"section\" data-e-type=\"section\">\n\t\t\t\t\t\t<div class=\"elementor-container elementor-column-gap-wider\">\n\t\t\t\t\t<div class=\"elementor-column elementor-col-50 elementor-top-column elementor-element elementor-element-6b54f34\" data-id=\"6b54f34\" data-element_type=\"column\" data-e-type=\"column\">\n\t\t\t<div class=\"elementor-widget-wrap elementor-element-populated\">\n\t\t\t\t\t\t<div class=\"elementor-element elementor-element-469e519 elementor-widget elementor-widget-image\" data-id=\"469e519\" data-element_type=\"widget\" data-e-type=\"widget\" data-widget_type=\"image.default\">\n\t\t\t\t<div class=\"elementor-widget-container\">\n\t\t\t\t\t\t\t\t\t\t\t\t\t\t\t<img fetchpriority=\"high\" decoding=\"async\" width=\"768\" height=\"512\" src=\"https:\/\/www.chor-einklang.de\/wp-content\/uploads\/2024\/08\/Presse-1-768x512.jpg\" class=\"attachment-medium_large size-medium_large wp-image-3322\" alt=\"\" srcset=\"https:\/\/www.chor-einklang.de\/wp-content\/uploads\/2024\/08\/Presse-1-768x512.jpg 768w, https:\/\/www.chor-einklang.de\/wp-content\/uploads\/2024\/08\/Presse-1-300x200.jpg 300w, https:\/\/www.chor-einklang.de\/wp-content\/uploads\/2024\/08\/Presse-1-1024x683.jpg 1024w, https:\/\/www.chor-einklang.de\/wp-content\/uploads\/2024\/08\/Presse-1-1536x1024.jpg 1536w, https:\/\/www.chor-einklang.de\/wp-content\/uploads\/2024\/08\/Presse-1-2048x1365.jpg 2048w\" sizes=\"(max-width: 768px) 100vw, 768px\" \/>\t\t\t\t\t\t\t\t\t\t\t\t\t\t\t<\/div>\n\t\t\t\t<\/div>\n\t\t\t\t\t<\/div>\n\t\t<\/div>\n\t\t\t\t<div class=\"elementor-column elementor-col-50 elementor-top-column elementor-element elementor-element-c2e005e\" data-id=\"c2e005e\" data-element_type=\"column\" data-e-type=\"column\">\n\t\t\t<div class=\"elementor-widget-wrap elementor-element-populated\">\n\t\t\t\t\t\t<div class=\"elementor-element elementor-element-180bbb4 elementor-widget elementor-widget-text-editor\" data-id=\"180bbb4\" data-element_type=\"widget\" data-e-type=\"widget\" data-widget_type=\"text-editor.default\">\n\t\t\t\t<div class=\"elementor-widget-container\">\n\t\t\t\t\t\t\t\t\t<p><span style=\"color: #333333;\">Angefangen hat alles am 1. April 2008: Mit der ersten gemeinsamen Chorprobe wurde der Grundstein f\u00fcr unseren gemischten Laien-Chor gelegt, dem mittlerweile rund 50 S\u00e4ngerinnen und S\u00e4nger angeh\u00f6ren. Unser Repertoire ist ebenso bunt wie unsere Stimmlagen und reicht von Jazz, Pop und Gospel \u00fcber traditionelle Arrangements bis hin zu Klassik.<\/span><\/p><p><span style=\"color: #333333;\">Gemeinsam mit unserem Chorleiter Arnas Vonzodas, der seit 2012 die musikalische Leitung unseres Chores innehat, haben wir seither auf unserer musikalischen Reise viele wunderbare Erfahrungen sammeln d\u00fcrfen: Ob bei regelm\u00e4\u00dfigen Auftritten in und um Winsen\/Aller, den allj\u00e4hrlichen Chorwochenenden, bei Rocktail 2016, beim Prager Chorfestival 2017 oder beim Internationalen Chortreffen \u201eCantate Dresden\u201c 2019 in der Dresdner Frauenkirche: jeder Auftritt hat f\u00fcr viele unvergessliche Momente gesorgt und l\u00e4sst uns mit Freude f\u00fcr noch viele weitere spannende Projekte proben!<\/span><\/p><p><span style=\"color: #333333;\">Die gemeinsame Begeisterung f\u00fcr das Singen und der unerm\u00fcdliche Einsatz unseres Chorleiters, der mit Geduld, Humor und eigenen, wunderbaren Arrangements immer wieder ungeahnte Kl\u00e4nge aus uns hervorholt, machen es m\u00f6glich, dass aus vielen unterschiedlichen Stimmen Musik entsteht und wir zu EINKLANG werden.<\/span><\/p>\t\t\t\t\t\t\t\t<\/div>\n\t\t\t\t<\/div>\n\t\t\t\t\t<\/div>\n\t\t<\/div>\n\t\t\t\t\t<\/div>\n\t\t<\/section>\n\t\t\t\t<\/div>\n\t\t","protected":false},"excerpt":{"rendered":"<p>Wir sind EINKLANG! Angefangen hat alles am 1. April 2008: Mit der ersten gemeinsamen Chorprobe wurde der Grundstein f\u00fcr unseren gemischten Laien-Chor gelegt, dem mittlerweile rund 50 S\u00e4ngerinnen und S\u00e4nger angeh\u00f6ren. Unser Repertoire ist ebenso bunt wie unsere Stimmlagen und reicht von Jazz, Pop und Gospel \u00fcber traditionelle Arrangements bis hin zu Klassik. Gemeinsam mit&#8230;<\/p>\n","protected":false},"author":2,"featured_media":0,"parent":0,"menu_order":0,"comment_status":"closed","ping_status":"closed","template":"elementor_header_footer","meta":{"_kad_post_transparent":"","_kad_post_title":"hide","_kad_post_layout":"fullwidth","_kad_post_sidebar_id":"","_kad_post_content_style":"unboxed","_kad_post_vertical_padding":"hide","_kad_post_feature":"hide","_kad_post_feature_position":"","_kad_post_header":false,"_kad_post_footer":false,"_kad_post_classname":"","jetpack_post_was_ever_published":false,"footnotes":""},"class_list":["post-2643","page","type-page","status-publish","hentry"],"jetpack_sharing_enabled":true,"jetpack_shortlink":"https:\/\/wp.me\/P3iGNS-GD","_links":{"self":[{"href":"https:\/\/www.chor-einklang.de\/index.php?rest_route=\/wp\/v2\/pages\/2643","targetHints":{"allow":["GET"]}}],"collection":[{"href":"https:\/\/www.chor-einklang.de\/index.php?rest_route=\/wp\/v2\/pages"}],"about":[{"href":"https:\/\/www.chor-einklang.de\/index.php?rest_route=\/wp\/v2\/types\/page"}],"author":[{"embeddable":true,"href":"https:\/\/www.chor-einklang.de\/index.php?rest_route=\/wp\/v2\/users\/2"}],"replies":[{"embeddable":true,"href":"https:\/\/www.chor-einklang.de\/index.php?rest_route=%2Fwp%2Fv2%2Fcomments&post=2643"}],"version-history":[{"count":23,"href":"https:\/\/www.chor-einklang.de\/index.php?rest_route=\/wp\/v2\/pages\/2643\/revisions"}],"predecessor-version":[{"id":3457,"href":"https:\/\/www.chor-einklang.de\/index.php?rest_route=\/wp\/v2\/pages\/2643\/revisions\/3457"}],"wp:attachment":[{"href":"https:\/\/www.chor-einklang.de\/index.php?rest_route=%2Fwp%2Fv2%2Fmedia&parent=2643"}],"curies":[{"name":"wp","href":"https:\/\/api.w.org\/{rel}","templated":true}]}}

Über uns

<div data-elementor-type="wp-page" data-elementor-id="2643" class="elementor elementor-2643">
						<section class="elementor-section elementor-top-section elementor-element elementor-element-3973a63 elementor-section-boxed elementor-section-height-default elementor-section-height-default" data-id="3973a63" data-element_type="section" data-e-type="section">
						<div class="elementor-container elementor-column-gap-wider">
					<div class="elementor-column elementor-col-100 elementor-top-column elementor-element elementor-element-c158454" data-id="c158454" data-element_type="column" data-e-type="column">
			<div class="elementor-widget-wrap elementor-element-populated">
						<div class="elementor-element elementor-element-50c6e8c elementor-widget elementor-widget-heading" data-id="50c6e8c" data-element_type="widget" data-e-type="widget" data-widget_type="heading.default">
				<div class="elementor-widget-container">
					<h2 class="elementor-heading-title elementor-size-default">Wir sind EINKLANG!</h2>				</div>
				</div>
					</div>
		</div>
					</div>
		</section>
				<section class="elementor-section elementor-top-section elementor-element elementor-element-28103b0 elementor-section-full_width elementor-section-height-default elementor-section-height-default" data-id="28103b0" data-element_type="section" data-e-type="section">
						<div class="elementor-container elementor-column-gap-wider">
					<div class="elementor-column elementor-col-50 elementor-top-column elementor-element elementor-element-6b54f34" data-id="6b54f34" data-element_type="column" data-e-type="column">
			<div class="elementor-widget-wrap elementor-element-populated">
						<div class="elementor-element elementor-element-469e519 elementor-widget elementor-widget-image" data-id="469e519" data-element_type="widget" data-e-type="widget" data-widget_type="image.default">
				<div class="elementor-widget-container">
															<img fetchpriority="high" decoding="async" width="768" height="512" src="https://www.chor-einklang.de/wp-content/uploads/2024/08/Presse-1-768x512.jpg" class="attachment-medium_large size-medium_large wp-image-3322" alt="" srcset="https://www.chor-einklang.de/wp-content/uploads/2024/08/Presse-1-768x512.jpg 768w, https://www.chor-einklang.de/wp-content/uploads/2024/08/Presse-1-300x200.jpg 300w, https://www.chor-einklang.de/wp-content/uploads/2024/08/Presse-1-1024x683.jpg 1024w, https://www.chor-einklang.de/wp-content/uploads/2024/08/Presse-1-1536x1024.jpg 1536w, https://www.chor-einklang.de/wp-content/uploads/2024/08/Presse-1-2048x1365.jpg 2048w" sizes="(max-width: 768px) 100vw, 768px" />															</div>
				</div>
					</div>
		</div>
				<div class="elementor-column elementor-col-50 elementor-top-column elementor-element elementor-element-c2e005e" data-id="c2e005e" data-element_type="column" data-e-type="column">
			<div class="elementor-widget-wrap elementor-element-populated">
						<div class="elementor-element elementor-element-180bbb4 elementor-widget elementor-widget-text-editor" data-id="180bbb4" data-element_type="widget" data-e-type="widget" data-widget_type="text-editor.default">
				<div class="elementor-widget-container">
									<p><span style="color: #333333;">Angefangen hat alles am 1. April 2008: Mit der ersten gemeinsamen Chorprobe wurde der Grundstein für unseren gemischten Laien-Chor gelegt, dem mittlerweile rund 50 Sängerinnen und Sänger angehören. Unser Repertoire ist ebenso bunt wie unsere Stimmlagen und reicht von Jazz, Pop und Gospel über traditionelle Arrangements bis hin zu Klassik.</span></p><p><span style="color: #333333;">Gemeinsam mit unserem Chorleiter Arnas Vonzodas, der seit 2012 die musikalische Leitung unseres Chores innehat, haben wir seither auf unserer musikalischen Reise viele wunderbare Erfahrungen sammeln dürfen: Ob bei regelmäßigen Auftritten in und um Winsen/Aller, den alljährlichen Chorwochenenden, bei Rocktail 2016, beim Prager Chorfestival 2017 oder beim Internationalen Chortreffen „Cantate Dresden“ 2019 in der Dresdner Frauenkirche: jeder Auftritt hat für viele unvergessliche Momente gesorgt und lässt uns mit Freude für noch viele weitere spannende Projekte proben!</span></p><p><span style="color: #333333;">Die gemeinsame Begeisterung für das Singen und der unermüdliche Einsatz unseres Chorleiters, der mit Geduld, Humor und eigenen, wunderbaren Arrangements immer wieder ungeahnte Klänge aus uns hervorholt, machen es möglich, dass aus vielen unterschiedlichen Stimmen Musik entsteht und wir zu EINKLANG werden.</span></p>								</div>
				</div>
					</div>
		</div>
					</div>
		</section>
				</div>

<p>Wir sind EINKLANG! Angefangen hat alles am 1. April 2008: Mit der ersten gemeinsamen Chorprobe wurde der Grundstein für unseren gemischten Laien-Chor gelegt, dem mittlerweile rund 50 Sängerinnen und Sänger angehören. Unser Repertoire ist ebenso bunt wie unsere Stimmlagen und reicht von Jazz, Pop und Gospel über traditionelle Arrangements bis hin zu Klassik. Gemeinsam mit&#8230;</p>
